alse
Is 8516114 a prime number?
False
Is 4515229 a prime number?
False
Is 102863881 composite?
True
Is 14354327 prime?
False
Is 2456978 a composite number?
True
Is 42764773 prime?
True
Is 9805169 a prime number?
False
Is 3636877 prime?
True
Is 46720301 a composite number?
True
Is 1613773 prime?
False
Is 13172083 a prime number?
True
Is 6904901 a prime number?
True
Is 101805943 prime?
False
Is 15600809 prime?
False
Is 5875811 a prime number?
True
Is 1506077 composite?
False
Is 11769343 a prime number?
True
Is 47741563 a composite number?
False
Is 407377693 composite?
False
Is 341967121 composite?
True
Is 141081179 a composite number?
False
Is 312115558 prime?
False
Is 4923269 composite?
True
Is 525638818 composite?
True
Is 102743981 a prime number?
False
Is 32531899 a prime number?
True
Is 52976501 a prime number?
False
Is 806362 a prime number?
False
Is 73991513 composite?
True
Is 61003867 a prime number?
True
Is 3027767 composite?
True
Is 8517458 a composite number?
True
Is 43374719 composite?
False
Is 17703121 a prime number?
True
Is 31056599 prime?
False
Is 118319833 composite?
False
Is 2767823 a composite number?
False
Is 5627327 a prime number?
True
Is 215000041 composite?
True
Is 602359 a composite number?
True
Is 21976387 a prime number?
True
Is 470343603 composite?
True
Is 341277 prime?
False
Is 5265473 composite?
False
Is 7248497 a prime number?
True
Is 761248561 composite?
False
Is 48693737 prime?
False
Is 113656741 a prime number?
False
Is 224840463 prime?
False
Is 34493807 a prime number?
False
Is 1989401 composite?
False
Is 2996959 a prime number?
False
Is 7371389 a prime number?
True
Is 982829 composite?
False
Is 101101513 a composite number?
True
Is 29646635 a composite number?
True
Is 125971 a prime number?
False
Is 11135567 a prime number?
True
Is 156142751 a composite number?
True
Is 181137119 a composite number?
False
Is 58452761 a composite number?
True
Is 92140973 a composite number?
False
Is 1263404423 composite?
False
Is 33870359 a prime number?
True
Is 869811 a prime number?
False
Is 72182613 prime?
False
Is 51858529 prime?
True
Is 5304889 prime?
True
Is 19129147 composite?
False
Is 2373991 composite?
True
Is 48761029 a composite number?
True
Is 422759977 a prime number?
False
Is 38152771 prime?
False
Is 5123933 a prime number?
True
Is 1008571 prime?
True
Is 36951085 composite?
True
Is 15704803 prime?
True
Is 112699489 a prime number?
False
Is 21865211 a prime number?
True
Is 29620763 a composite number?
True
Is 642097 a composite number?
True
Is 391623229 a prime number?
False
Is 1033517 prime?
True
Is 31299229 composite?
True
Is 3251737 a composite number?
True
Is 841079443 a composite number?
False
Is 360460541 composite?
True
Is 1102523 a composite number?
False
Is 4963289 a prime number?
False
Is 10996514 prime?
False
Is 4681289 composite?
False
Is 33423197 composite?
False
Is 21391691 a prime number?
False
Is 61020857 prime?
False
Is 334687481 a prime number?
False
Is 763779 a composite number?
True
Is 59594407 a prime number?
True
Is 128033887 a prime number?
False
Is 9103481 a composite number?
False
Is 874121 a composite number?
False
Is 2027951 composite?
False
Is 6641179 composite?
False
Is 878968121 prime?
True
Is 195156523 a prime number?
False
Is 7024777 composite?
True
Is 15766771 a composite number?
True
Is 9440383 prime?
True
Is 514499 prime?
True
Is 7442619 a prime number?
False
Is 14971769 composite?
False
Is 757171 a prime number?
True
Is 180841561 composite?
False
Is 191989 a prime number?
False
Is 102199283 prime?
True
Is 12998651 prime?
False
Is 1400081 composite?
False
Is 6958667 composite?
False
Is 22754747 prime?
True
Is 23147 a prime number?
False
Is 13314503 a prime number?
True
Is 177733981 prime?
True
Is 3629863 composite?
False
Is 130851581 a composite number?
True
Is 246085141 prime?
False
Is 404953313 a prime number?
True
Is 342949 composite?
False
Is 126790171 a prime number?
True
Is 3213233 composite?
False
Is 18368509 composite?
False
Is 908571 a prime number?
False
Is 15613529 a prime number?
True
Is 101389 a prime number?
False
Is 45149167 a prime number?
False
Is 74035847 a composite number?
False
Is 57869857 a composite number?
False
Is 11315959 a composite number?
True
Is 1513417 a composite number?
False
Is 32761763 prime?
True
Is 4976843 a prime number?
True
Is 8357957 composite?
False
Is 31663909 a prime number?
True
Is 690728078 prime?
False
Is 48708833 composite?
False
Is 13112909 composite?
False
Is 44538911 prime?
True
Is 87942653 composite?
True
Is 4735147 a composite number?
False
Is 31696382 a prime number?
False
Is 74013847 a composite number?
False
Is 750359657 a prime number?
True
Is 121494061 prime?
False
Is 20476153 a composite number?
False
Is 1457747 a composite number?
True
Is 4963685 a composite number?
True
Is 117090059 composite?
False
Is 102713213 a composite number?
False
Is 8186287 a prime number?
False
Is 1987429 composite?
False
Is 546929 a composite number?
True
Is 787801 composite?
True
Is 111424789 composite?
True
Is 4329011 a composite number?
False
Is 445499 prime?
True
Is 528929 a prime number?
True
Is 4347089 composite?
True
Is 9798185 composite?
True
Is 64519613 a composite number?
False
Is 14933773 prime?
True
Is 4472959 prime?
False
Is 10727273 a prime number?
True
Is 13975643 a composite number?
True
Is 582269119 a composite number?
False
Is 36678617 a composite number?
False
Is 131078369 composite?
True
Is 2150117 a composite number?
True
Is 61336874 a composite number?
True
Is 255826321 a composite number?
False
Is 45283283 a prime number?
True
Is 555811733 prime?
True
Is 10094971 prime?
True
Is 161517217 prime?
True
Is 135117317 a prime number?
True
Is 2781917 composite?
True
Is 437986 prime?
False
Is 891159505 prime?
False
Is 161155999 a prime number?
True
Is 2042701 composite?
True
Is 3814033 a composite number?
False
Is 32363777 a composite number?
True
Is 2688305 prime?
False
Is 13245553 prime?
True
Is 89154797 prime?
True
Is 9346747 a prime number?
False
Is 92253926 composite?
True
Is 34346129 prime?
False
Is 1586568909 a prime number?
False
Is 10526353 composite?
False
Is 68694973 composite?
True
Is 1149409 a prime number?
True
Is 34672843 a composite number?
True
Is 1897286473 a prime number?
True
Is 118472401 a prime number?
False
Is 138821 prime?
True
Is 378317 prime?
True
Is 5469311 a composite number?
True
Is 7073069 a composite number?
False
Is 25382789 composite?
False
Is 140740507 composite?
False
Is 3835301 a composite number?
False
Is 2741449 a composite number?
False
Is 32553499 a prime number?
False
Is 264384349 prime?
True
Is 63335249 a prime number?
True
Is 93885159 composite?
True
Is 59896631 a prime number?
True
Is 331013 composite?
False
Is 4413181 a prime number?
False
Is 26147017 composite?
True
Is 8888927 prime?
True
Is 11789693 prime?
False
Is 1267369 prime?
False
Is 315727 composite?
True
Is 8997103 a prime number?
True
Is 19660559 composite?
True
Is 202224479 prime?
True
Is 36590093 composite?
False
Is 30025181 prime?
True
Is 384853291 prime?
True
Is 45747107 a composite number?
True
Is 7802931 a prime number?
False
Is 198162681 composite?
True
Is 24080443 a composite number?
False
Is 20771437 a composite number?
True
Is 44886673 a composite number?
True
Is 1374523 a composite number?
True
Is 740986 prime?
False
Is 257577959 prime?
True
Is 194473457 prime?
False
Is 98630513 a composite number?
True
Is 9792191 a prime number?
True
Is 121763767 a prime number?
True
Is 4594021 composite?
True
Is 7987621 composite?
True
Is 463094503 a prime number?
True
Is 36791705 prime?
False
Is 11407399 a composite number?
True
Is 2608589 a prime number?
True
Is 22397393 a composite number?
False
Is 77130589 a composite number?
True
Is 741212077 a prime number?
False
Is 36623399 a prime number?
False
Is 4146277 prime?
True
Is 1119839 prime?
False
Is 30415191 a composite number?
True
Is 567241 composite?
True
Is 5802323 a composite number?
False
Is 7883023 a prime number?
True
Is 226572967 a prime number?
False
Is 73272335 a prime number?
False
Is 33172071 prime?
False
Is 22792871 composite?
True
Is 74856193 composite?
True
Is 36287927 composite?
True
Is 271051421 composite?
False
Is 625214461 composite?
True
Is 17438467 a pr